{"id":2145,"date":"2018-09-06T14:41:46","date_gmt":"2018-09-06T12:41:46","guid":{"rendered":"http:\/\/www.jugend-im-berggebiet.ch\/?page_id=2145"},"modified":"2025-11-06T22:56:36","modified_gmt":"2025-11-06T21:56:36","slug":"leukerbad-vs","status":"publish","type":"page","link":"https:\/\/www.jugend-im-berggebiet.ch\/fr\/un-label-pour-les-communes__trashed\/leukerbad-vs\/","title":{"rendered":"Lo\u00e8che-les-Bains (VS)"},"content":{"rendered":"\n<h2 class=\"wp-block-heading\">Principales caract\u00e9ristiques<\/h2>\n\n\n\n<div class=\"wp-block-columns is-layout-flex wp-container-core-columns-is-layout-9d6595d7 wp-block-columns-is-layout-flex\">\n<div class=\"wp-block-column is-layout-flow wp-block-column-is-layout-flow\" style=\"flex-basis:66.66%\">\n<ul class=\"wp-block-list\">\n<li>Canton : Valais<\/li>\n\n\n\n<li>R\u00e9gion : Haut-Valais<\/li>\n\n\n\n<li>Habitants : 1&rsquo;556<\/li>\n\n\n\n<li>Langue officielle : Allemand<\/li>\n\n\n\n<li>Superficie en km<sup>2<\/sup> : 67.2<\/li>\n\n\n\n<li>Point le plus haut : 3&rsquo;698 m d\u2019altitude (Balmhorn)<\/li>\n\n\n\n<li>Point le plus bas : 1&rsquo;240 m d\u2019altitude (Planinong)<\/li>\n\n\n\n<li>Site web : <a href=\"http:\/\/www.leukerbad.org\" target=\"_blank\" rel=\"noreferrer noopener\">www.leukerbad.org<\/a><\/li>\n\n\n\n<li>Obtention du label&nbsp;: 2018<\/li>\n<\/ul>\n\n\n\n<hr class=\"wp-block-separator has-css-opacity aligncenter is-style-dots\"\/>\n\n\n\n<h2 class=\"wp-block-heading\">R\u00e9ussites<\/h2>\n\n\n\n<p>Les <strong>structures d&rsquo;\u00e9cole \u00e0 journ\u00e9e continue <\/strong>(accueil d&rsquo;enfants avant l&rsquo;\u00e9cole, au moment du repas et apr\u00e8s l&rsquo;\u00e9cole avec aide aux devoirs) ont \u00e9t\u00e9 mises en place avec succ\u00e8s pour l&rsquo;ann\u00e9e 2025.<\/p>\n\n\n\n<p>Il existe \u00e9galement des <strong>activit\u00e9s sportives extrascolaires<\/strong>, cofinanc\u00e9es par la commune. Les jeunes ont la possibilit\u00e9 de participer \u00e0 des cours de natation, de football, de judo et de volley-ball \u00e0 un prix r\u00e9duit. Ils b\u00e9n\u00e9ficient \u00e9galement du <strong>Magic Pass<\/strong> \u00e0 un prix avantageux et l&rsquo;entr\u00e9e gratuite aux thermes de Lo\u00e8che-les-Bains jusqu&rsquo;\u00e0 la fin de leur scolarit\u00e9. Ils peuvent \u00e9galement profiter gratuitement des activit\u00e9s de loisirs en salle propos\u00e9es dans le complexe sportif.<\/p>\n\n\n\n<p>L&rsquo;ann\u00e9e scolaire 2024\/2025 s&rsquo;est termin\u00e9e pour la premi\u00e8re fois par une <strong>f\u00eate de fin d&rsquo;ann\u00e9e scolaire (\u00ab f\u00eate des cultures \u00bb)<\/strong>. Lors de cette f\u00eate, les jeunes ont eu la possibilit\u00e9 d&rsquo;apporter des plats traditionnels de leur pays d&rsquo;origine. Les plats ont \u00e9t\u00e9 pr\u00e9par\u00e9s \u00e0 la maison avec les parents. Il en a r\u00e9sult\u00e9 un buffet tr\u00e8s riche et vari\u00e9 auquel tout le monde a pu participer. Chaque classe a \u00e9galement pr\u00e9sent\u00e9 un pays. La f\u00eate a \u00e9t\u00e9 organis\u00e9e par la direction de l&rsquo;\u00e9cole en collaboration avec la responsable de l&rsquo;int\u00e9gration. Elle a remport\u00e9 un grand succ\u00e8s et sera donc reconduite \u00e0 la fin de la prochaine ann\u00e9e scolaire.<\/p>\n\n\n\n<p>Depuis 2018, l&rsquo;\u00e9cole et la commune s&rsquo;engagent en faveur des <strong>\u00e9l\u00e8ves en immersion<\/strong> en recherchant activement des familles d&rsquo;accueil. En 2025, quatre \u00e9l\u00e8ves en immersion de Crans-Montana ont \u00e0 nouveau \u00e9t\u00e9 accueillis dans la commune de Lo\u00e8che-les-Bains.<\/p>\n\n\n\n<p>Lo\u00e8che-les-Bains dispose d&rsquo;une <strong>vie associative tr\u00e8s riche<\/strong>. De nombreux jeunes sont actifs dans les associations suivantes : Fanfare, association musicale, club de football, club de gymnastique, club de ski.<\/p>\n\n\n\n<hr class=\"wp-block-separator has-text-color has-black-color has-css-opacity has-black-background-color has-background aligncenter is-style-dots\"\/>\n\n\n\n<h2 class=\"wp-block-heading\">Projets en cours<\/h2>\n\n\n\n<p>La commune de Lo\u00e8che-les-Bains souhaite en 2025 recenser de mani\u00e8re cibl\u00e9e les besoins des jeunes \u00e0 l&rsquo;aide d&rsquo;un \u00ab<strong>barom\u00e8tre des pr\u00e9occupations<\/strong>\u00bb afin d&rsquo;en d\u00e9duire les mesures appropri\u00e9es.<\/p>\n\n\n\n<p>Poursuite de l&rsquo;agrandissement du <strong>local des jeunes \u00e0 La Souste<\/strong>.<\/p>\n\n\n\n<p>Poursuite des <strong>camps <\/strong>organis\u00e9s avec le cycle d&rsquo;orientation de Lo\u00e8che-les-Bains, car ceux-ci ont \u00e9t\u00e9 couronn\u00e9s de succ\u00e8s en 2025.<\/p>\n\n\n\n<hr class=\"wp-block-separator has-text-color has-black-color has-css-opacity has-black-background-color has-background aligncenter is-style-dots\"\/>\n\n\n\n<h2 class=\"wp-block-heading\">Difficult\u00e9s<\/h2>\n\n\n\n<p>Une <strong>association de jeunesse<\/strong> n&rsquo;a pas pu \u00eatre \u00e9tablie en raison du manque d&rsquo;int\u00e9r\u00eat des jeunes de la commune. Beaucoup de jeunes font partie de la fanfare <em>Tschau-Schr\u00e4nzer<\/em> \u2013 c&rsquo;est pourquoi on dit souvent que l&rsquo;association de jeunesse de Lo\u00e8che-les-Bains est la fanfare.<\/p>\n\n\n\n<p>La commune de Lo\u00e8che-les-Bains n&rsquo;a plus un <strong>local pour les jeunes<\/strong>. Les jeunes se rendent \u00e0 La Souste, dans le local des jeunes encadr\u00e9 par un travailleur social. Celui-ci est employ\u00e9 par le JAST (Jugendarbeitsstelle Leuk, Service d&rsquo;animation de jeunesse Leuk).<\/p>\n\n\n\n<p>Malheureusement, il n&rsquo;a pas \u00e9t\u00e9 possible d&rsquo;am\u00e9liorer les <strong>liaisons de transports publics<\/strong> entre Lo\u00e8che et Lo\u00e8che-les-Bains \u2013 pour sortir le soir \u2013 avec l&rsquo;entreprise de transport LLB et le taxi de nuit.<\/p>\n\n\n\n<p>La pr\u00e9paration des jeunes au choix d&rsquo;une profession est assur\u00e9e par l&rsquo;\u00e9cole \u00e0 l&rsquo;aide de la \u00ab <strong>vitrine des m\u00e9tiers<\/strong> \u00bb (en allemand: Berufsschaufenster). Les journ\u00e9es d&rsquo;atelier ne sont actuellement plus organis\u00e9es par l&rsquo;association des arts et m\u00e9tiers.<\/p>\n\n\n\n<hr class=\"wp-block-separator has-text-color has-black-color has-css-opacity has-black-background-color has-background aligncenter is-style-dots\"\/>\n<\/div>\n\n\n\n<div class=\"wp-block-column is-layout-flow wp-block-column-is-layout-flow\" style=\"flex-basis:33.33%\">\n<figure class=\"wp-block-image size-full\"><a href=\"https:\/\/www.jugend-im-berggebiet.ch\/wp-content\/uploads\/2025\/09\/Leukerbad.png\"><img loading=\"lazy\" decoding=\"async\" width=\"976\" height=\"654\" src=\"https:\/\/www.jugend-im-berggebiet.ch\/wp-content\/uploads\/2025\/09\/Leukerbad.png\" alt=\"\" class=\"wp-image-7543\" srcset=\"https:\/\/www.jugend-im-berggebiet.ch\/wp-content\/uploads\/2025\/09\/Leukerbad.png 976w, https:\/\/www.jugend-im-berggebiet.ch\/wp-content\/uploads\/2025\/09\/Leukerbad-300x201.png 300w, https:\/\/www.jugend-im-berggebiet.ch\/wp-content\/uploads\/2025\/09\/Leukerbad-768x515.png 768w\" sizes=\"auto, (max-width: 976px) 100vw, 976px\" \/><\/a><\/figure>\n<\/div>\n<\/div>\n\n\n\n<h2 class=\"wp-block-heading\">Images<\/h2>\n\n\n\n<figure class=\"wp-block-gallery has-nested-images columns-2 is-cropped wp-block-gallery-1 is-layout-flex wp-block-gallery-is-layout-flex\">\n<figure class=\"wp-block-image size-large\"><a href=\"https:\/\/www.jugend-im-berggebiet.ch\/wp-content\/uploads\/2025\/10\/foto-trotti-scaled.jpg\"><img loading=\"lazy\" decoding=\"async\" width=\"1024\" height=\"683\" data-id=\"7639\" src=\"https:\/\/www.jugend-im-berggebiet.ch\/wp-content\/uploads\/2025\/10\/foto-trotti-1024x683.jpg\" alt=\"\" class=\"wp-image-7639\" srcset=\"https:\/\/www.jugend-im-berggebiet.ch\/wp-content\/uploads\/2025\/10\/foto-trotti-1024x683.jpg 1024w, https:\/\/www.jugend-im-berggebiet.ch\/wp-content\/uploads\/2025\/10\/foto-trotti-300x200.jpg 300w, https:\/\/www.jugend-im-berggebiet.ch\/wp-content\/uploads\/2025\/10\/foto-trotti-768x512.jpg 768w, https:\/\/www.jugend-im-berggebiet.ch\/wp-content\/uploads\/2025\/10\/foto-trotti-1536x1024.jpg 1536w, https:\/\/www.jugend-im-berggebiet.ch\/wp-content\/uploads\/2025\/10\/foto-trotti-2048x1365.jpg 2048w\" sizes=\"auto, (max-width: 1024px) 100vw, 1024px\" \/><\/a><figcaption class=\"wp-element-caption\">Le trajet avec les trottinettes m\u00e8ne de la cabane Rinderh\u00fctte \u00e0 Torrent jusqu&rsquo;\u00e0 Lo\u00e8che-les-Bains.<\/figcaption><\/figure>\n\n\n\n<figure class=\"wp-block-image size-large\"><a href=\"https:\/\/www.jugend-im-berggebiet.ch\/wp-content\/uploads\/2025\/10\/Minigolf_6185.jpg\"><img loading=\"lazy\" decoding=\"async\" width=\"1024\" height=\"683\" data-id=\"7647\" src=\"https:\/\/www.jugend-im-berggebiet.ch\/wp-content\/uploads\/2025\/10\/Minigolf_6185-1024x683.jpg\" alt=\"\" class=\"wp-image-7647\" srcset=\"https:\/\/www.jugend-im-berggebiet.ch\/wp-content\/uploads\/2025\/10\/Minigolf_6185-1024x683.jpg 1024w, https:\/\/www.jugend-im-berggebiet.ch\/wp-content\/uploads\/2025\/10\/Minigolf_6185-300x200.jpg 300w, https:\/\/www.jugend-im-berggebiet.ch\/wp-content\/uploads\/2025\/10\/Minigolf_6185-768x512.jpg 768w, https:\/\/www.jugend-im-berggebiet.ch\/wp-content\/uploads\/2025\/10\/Minigolf_6185-1536x1024.jpg 1536w\" sizes=\"auto, (max-width: 1024px) 100vw, 1024px\" \/><\/a><figcaption class=\"wp-element-caption\">Le terrain de minigolf pr\u00e8s du complexe sportif<\/figcaption><\/figure>\n\n\n\n<figure class=\"wp-block-image size-large\"><a href=\"https:\/\/www.jugend-im-berggebiet.ch\/wp-content\/uploads\/2025\/10\/foto-pumppark.jpg\"><img loading=\"lazy\" decoding=\"async\" width=\"1024\" height=\"683\" data-id=\"7643\" src=\"https:\/\/www.jugend-im-berggebiet.ch\/wp-content\/uploads\/2025\/10\/foto-pumppark-1024x683.jpg\" alt=\"\" class=\"wp-image-7643\" srcset=\"https:\/\/www.jugend-im-berggebiet.ch\/wp-content\/uploads\/2025\/10\/foto-pumppark-1024x683.jpg 1024w, https:\/\/www.jugend-im-berggebiet.ch\/wp-content\/uploads\/2025\/10\/foto-pumppark-300x200.jpg 300w, https:\/\/www.jugend-im-berggebiet.ch\/wp-content\/uploads\/2025\/10\/foto-pumppark-768x512.jpg 768w, https:\/\/www.jugend-im-berggebiet.ch\/wp-content\/uploads\/2025\/10\/foto-pumppark-1536x1024.jpg 1536w\" sizes=\"auto, (max-width: 1024px) 100vw, 1024px\" \/><\/a><figcaption class=\"wp-element-caption\">La piste de pumptrack et la<em> Skill-Area<\/em> de Lo\u00e8che-les-Bains se trouvent au c\u0153ur du village, sur la promenade.<\/figcaption><\/figure>\n<\/figure>\n","protected":false},"excerpt":{"rendered":"<p>Principales caract\u00e9ristiques Canton : Valais R\u00e9gion : Haut-Valais Habitants : 1&rsquo;556 Langue officielle : Allemand Superficie en km2 : 67.2 Point le plus haut : 3&rsquo;698 m d\u2019altitude (Balmhorn) Point le plus bas : 1&rsquo;240 m d\u2019altitude (Planinong) Site web : www.leukerbad.org Obtention du label&nbsp;: 2018 R\u00e9ussites Les structures d&rsquo;\u00e9cole \u00e0 journ\u00e9e continue (accueil d&rsquo;enfants [&hellip;]<\/p>\n","protected":false},"author":5,"featured_media":0,"parent":653,"menu_order":0,"comment_status":"closed","ping_status":"closed","template":"template-fullwidth.php","meta":{"footnotes":""},"class_list":["post-2145","page","type-page","status-publish","hentry"],"_links":{"self":[{"href":"https:\/\/www.jugend-im-berggebiet.ch\/fr\/wp-json\/wp\/v2\/pages\/2145","targetHints":{"allow":["GET"]}}],"collection":[{"href":"https:\/\/www.jugend-im-berggebiet.ch\/fr\/wp-json\/wp\/v2\/pages"}],"about":[{"href":"https:\/\/www.jugend-im-berggebiet.ch\/fr\/wp-json\/wp\/v2\/types\/page"}],"author":[{"embeddable":true,"href":"https:\/\/www.jugend-im-berggebiet.ch\/fr\/wp-json\/wp\/v2\/users\/5"}],"replies":[{"embeddable":true,"href":"https:\/\/www.jugend-im-berggebiet.ch\/fr\/wp-json\/wp\/v2\/comments?post=2145"}],"version-history":[{"count":20,"href":"https:\/\/www.jugend-im-berggebiet.ch\/fr\/wp-json\/wp\/v2\/pages\/2145\/revisions"}],"predecessor-version":[{"id":8254,"href":"https:\/\/www.jugend-im-berggebiet.ch\/fr\/wp-json\/wp\/v2\/pages\/2145\/revisions\/8254"}],"up":[{"embeddable":true,"href":"https:\/\/www.jugend-im-berggebiet.ch\/fr\/wp-json\/wp\/v2\/pages\/653"}],"wp:attachment":[{"href":"https:\/\/www.jugend-im-berggebiet.ch\/fr\/wp-json\/wp\/v2\/media?parent=2145"}],"curies":[{"name":"wp","href":"https:\/\/api.w.org\/{rel}","templated":true}]}}

Loèche-les-Bains (VS)

<h2 class="wp-block-heading">Principales caractéristiques</h2>



<div class="wp-block-columns is-layout-flex wp-container-core-columns-is-layout-9d6595d7 wp-block-columns-is-layout-flex">
<div class="wp-block-column is-layout-flow wp-block-column-is-layout-flow" style="flex-basis:66.66%">
<ul class="wp-block-list">
<li>Canton : Valais</li>



<li>Région : Haut-Valais</li>



<li>Habitants : 1&rsquo;556</li>



<li>Langue officielle : Allemand</li>



<li>Superficie en km<sup>2</sup> : 67.2</li>



<li>Point le plus haut : 3&rsquo;698 m d’altitude (Balmhorn)</li>



<li>Point le plus bas : 1&rsquo;240 m d’altitude (Planinong)</li>



<li>Site web : <a href="http://www.leukerbad.org" target="_blank" rel="noreferrer noopener">www.leukerbad.org</a></li>



<li>Obtention du label&nbsp;: 2018</li>
</ul>



<hr class="wp-block-separator has-css-opacity aligncenter is-style-dots"/>



<h2 class="wp-block-heading">Réussites</h2>



<p>Les <strong>structures d&rsquo;école à journée continue </strong>(accueil d&rsquo;enfants avant l&rsquo;école, au moment du repas et après l&rsquo;école avec aide aux devoirs) ont été mises en place avec succès pour l&rsquo;année 2025.</p>



<p>Il existe également des <strong>activités sportives extrascolaires</strong>, cofinancées par la commune. Les jeunes ont la possibilité de participer à des cours de natation, de football, de judo et de volley-ball à un prix réduit. Ils bénéficient également du <strong>Magic Pass</strong> à un prix avantageux et l&rsquo;entrée gratuite aux thermes de Loèche-les-Bains jusqu&rsquo;à la fin de leur scolarité. Ils peuvent également profiter gratuitement des activités de loisirs en salle proposées dans le complexe sportif.</p>



<p>L&rsquo;année scolaire 2024/2025 s&rsquo;est terminée pour la première fois par une <strong>fête de fin d&rsquo;année scolaire (« fête des cultures »)</strong>. Lors de cette fête, les jeunes ont eu la possibilité d&rsquo;apporter des plats traditionnels de leur pays d&rsquo;origine. Les plats ont été préparés à la maison avec les parents. Il en a résulté un buffet très riche et varié auquel tout le monde a pu participer. Chaque classe a également présenté un pays. La fête a été organisée par la direction de l&rsquo;école en collaboration avec la responsable de l&rsquo;intégration. Elle a remporté un grand succès et sera donc reconduite à la fin de la prochaine année scolaire.</p>



<p>Depuis 2018, l&rsquo;école et la commune s&rsquo;engagent en faveur des <strong>élèves en immersion</strong> en recherchant activement des familles d&rsquo;accueil. En 2025, quatre élèves en immersion de Crans-Montana ont à nouveau été accueillis dans la commune de Loèche-les-Bains.</p>



<p>Loèche-les-Bains dispose d&rsquo;une <strong>vie associative très riche</strong>. De nombreux jeunes sont actifs dans les associations suivantes : Fanfare, association musicale, club de football, club de gymnastique, club de ski.</p>



<hr class="wp-block-separator has-text-color has-black-color has-css-opacity has-black-background-color has-background aligncenter is-style-dots"/>



<h2 class="wp-block-heading">Projets en cours</h2>



<p>La commune de Loèche-les-Bains souhaite en 2025 recenser de manière ciblée les besoins des jeunes à l&rsquo;aide d&rsquo;un «<strong>baromètre des préoccupations</strong>» afin d&rsquo;en déduire les mesures appropriées.</p>



<p>Poursuite de l&rsquo;agrandissement du <strong>local des jeunes à La Souste</strong>.</p>



<p>Poursuite des <strong>camps </strong>organisés avec le cycle d&rsquo;orientation de Loèche-les-Bains, car ceux-ci ont été couronnés de succès en 2025.</p>



<hr class="wp-block-separator has-text-color has-black-color has-css-opacity has-black-background-color has-background aligncenter is-style-dots"/>



<h2 class="wp-block-heading">Difficultés</h2>



<p>Une <strong>association de jeunesse</strong> n&rsquo;a pas pu être établie en raison du manque d&rsquo;intérêt des jeunes de la commune. Beaucoup de jeunes font partie de la fanfare <em>Tschau-Schränzer</em> – c&rsquo;est pourquoi on dit souvent que l&rsquo;association de jeunesse de Loèche-les-Bains est la fanfare.</p>



<p>La commune de Loèche-les-Bains n&rsquo;a plus un <strong>local pour les jeunes</strong>. Les jeunes se rendent à La Souste, dans le local des jeunes encadré par un travailleur social. Celui-ci est employé par le JAST (Jugendarbeitsstelle Leuk, Service d&rsquo;animation de jeunesse Leuk).</p>



<p>Malheureusement, il n&rsquo;a pas été possible d&rsquo;améliorer les <strong>liaisons de transports publics</strong> entre Loèche et Loèche-les-Bains – pour sortir le soir – avec l&rsquo;entreprise de transport LLB et le taxi de nuit.</p>



<p>La préparation des jeunes au choix d&rsquo;une profession est assurée par l&rsquo;école à l&rsquo;aide de la « <strong>vitrine des métiers</strong> » (en allemand: Berufsschaufenster). Les journées d&rsquo;atelier ne sont actuellement plus organisées par l&rsquo;association des arts et métiers.</p>



<hr class="wp-block-separator has-text-color has-black-color has-css-opacity has-black-background-color has-background aligncenter is-style-dots"/>
</div>



<div class="wp-block-column is-layout-flow wp-block-column-is-layout-flow" style="flex-basis:33.33%">
<figure class="wp-block-image size-full"><a href="https://www.jugend-im-berggebiet.ch/wp-content/uploads/2025/09/Leukerbad.png"><img loading="lazy" decoding="async" width="976" height="654" src="https://www.jugend-im-berggebiet.ch/wp-content/uploads/2025/09/Leukerbad.png" alt="" class="wp-image-7543" srcset="https://www.jugend-im-berggebiet.ch/wp-content/uploads/2025/09/Leukerbad.png 976w, https://www.jugend-im-berggebiet.ch/wp-content/uploads/2025/09/Leukerbad-300x201.png 300w, https://www.jugend-im-berggebiet.ch/wp-content/uploads/2025/09/Leukerbad-768x515.png 768w" sizes="auto, (max-width: 976px) 100vw, 976px" /></a></figure>
</div>
</div>



<h2 class="wp-block-heading">Images</h2>



<figure class="wp-block-gallery has-nested-images columns-2 is-cropped wp-block-gallery-1 is-layout-flex wp-block-gallery-is-layout-flex">
<figure class="wp-block-image size-large"><a href="https://www.jugend-im-berggebiet.ch/wp-content/uploads/2025/10/foto-trotti-scaled.jpg"><img loading="lazy" decoding="async" width="1024" height="683" data-id="7639" src="https://www.jugend-im-berggebiet.ch/wp-content/uploads/2025/10/foto-trotti-1024x683.jpg" alt="" class="wp-image-7639" srcset="https://www.jugend-im-berggebiet.ch/wp-content/uploads/2025/10/foto-trotti-1024x683.jpg 1024w, https://www.jugend-im-berggebiet.ch/wp-content/uploads/2025/10/foto-trotti-300x200.jpg 300w, https://www.jugend-im-berggebiet.ch/wp-content/uploads/2025/10/foto-trotti-768x512.jpg 768w, https://www.jugend-im-berggebiet.ch/wp-content/uploads/2025/10/foto-trotti-1536x1024.jpg 1536w, https://www.jugend-im-berggebiet.ch/wp-content/uploads/2025/10/foto-trotti-2048x1365.jpg 2048w" sizes="auto, (max-width: 1024px) 100vw, 1024px" /></a><figcaption class="wp-element-caption">Le trajet avec les trottinettes mène de la cabane Rinderhütte à Torrent jusqu&rsquo;à Loèche-les-Bains.</figcaption></figure>



<figure class="wp-block-image size-large"><a href="https://www.jugend-im-berggebiet.ch/wp-content/uploads/2025/10/Minigolf_6185.jpg"><img loading="lazy" decoding="async" width="1024" height="683" data-id="7647" src="https://www.jugend-im-berggebiet.ch/wp-content/uploads/2025/10/Minigolf_6185-1024x683.jpg" alt="" class="wp-image-7647" srcset="https://www.jugend-im-berggebiet.ch/wp-content/uploads/2025/10/Minigolf_6185-1024x683.jpg 1024w, https://www.jugend-im-berggebiet.ch/wp-content/uploads/2025/10/Minigolf_6185-300x200.jpg 300w, https://www.jugend-im-berggebiet.ch/wp-content/uploads/2025/10/Minigolf_6185-768x512.jpg 768w, https://www.jugend-im-berggebiet.ch/wp-content/uploads/2025/10/Minigolf_6185-1536x1024.jpg 1536w" sizes="auto, (max-width: 1024px) 100vw, 1024px" /></a><figcaption class="wp-element-caption">Le terrain de minigolf près du complexe sportif</figcaption></figure>



<figure class="wp-block-image size-large"><a href="https://www.jugend-im-berggebiet.ch/wp-content/uploads/2025/10/foto-pumppark.jpg"><img loading="lazy" decoding="async" width="1024" height="683" data-id="7643" src="https://www.jugend-im-berggebiet.ch/wp-content/uploads/2025/10/foto-pumppark-1024x683.jpg" alt="" class="wp-image-7643" srcset="https://www.jugend-im-berggebiet.ch/wp-content/uploads/2025/10/foto-pumppark-1024x683.jpg 1024w, https://www.jugend-im-berggebiet.ch/wp-content/uploads/2025/10/foto-pumppark-300x200.jpg 300w, https://www.jugend-im-berggebiet.ch/wp-content/uploads/2025/10/foto-pumppark-768x512.jpg 768w, https://www.jugend-im-berggebiet.ch/wp-content/uploads/2025/10/foto-pumppark-1536x1024.jpg 1536w" sizes="auto, (max-width: 1024px) 100vw, 1024px" /></a><figcaption class="wp-element-caption">La piste de pumptrack et la<em> Skill-Area</em> de Loèche-les-Bains se trouvent au cœur du village, sur la promenade.</figcaption></figure>
</figure>

<p>Principales caractéristiques Canton : Valais Région : Haut-Valais Habitants : 1&rsquo;556 Langue officielle : Allemand Superficie en km2 : 67.2 Point le plus haut : 3&rsquo;698 m d’altitude (Balmhorn) Point le plus bas : 1&rsquo;240 m d’altitude (Planinong) Site web : www.leukerbad.org Obtention du label&nbsp;: 2018 Réussites Les structures d&rsquo;école à journée continue (accueil d&rsquo;enfants [&hellip;]</p>
